digit of o?
9
Let s = -1408 - -2390. Let u = 1672 - s. What is the hundreds digit of u?
6
Suppose 0 = 26*m - 25*m + 750. Let a = m - -1455. What is the units digit of a?
5
What is the hundreds digit of (-244242)/(-2 - 16)*(-2)/(-6)?
5
Suppose -29*a + 163689 = -219169. What is the ten thousands digit of a?
1
Let j be (2 - (0 - -4))*3/2. Let c(z) = 3*z - 15. Let o be c(j). What is the units digit of (-58)/((-42)/o + -2)?
2
What is the thousands digit of (-267263)/(-7) + 0 + (57 - 8442/147)?
8
Suppose -18*n - 1126 = -17*n. Let q = -459 - n. What is the units digit of q?
7
Suppose -11*d + 26047 + 15897 = -100044. What is the units digit of d?
8
Let f(g) = -2*g**3 - 7*g**2 + 4*g - 7. Let c(l) = l**2 + 7*l - 1. Let n be c(-6). Let v be f(n). Suppose 6*u - 10*u = -v. What is the tens digit of u?
7
Let a be 51/((-2)/(12/(-18))). Suppose -k = -16 - a. What is the tens digit of k?
3
Let x be 5 - 4 - (-5 + -180). Let u = x + 546. What is the tens digit of u?
3
Let s(v) = -6*v + 8. Let o be (-1)/3 + 10*(-5)/30. Let g be s(o). Suppose -4*p + g = -9*p, 2*i - 194 = -5*p. What is the tens digit of i?
0
Let q = -789 + 3011. What is the hundreds digit of q?
2
Suppose -8*k - 647307 = -154*k - 75133. What is the units digit of k?
9
Suppose 2*f - 2*l + 28379 - 72949 = 0, 3*l = f - 22279. What is the tens digit of f?
8
Suppose 2*u - 1565 + 6775 = 0. Let c = -987 - u. What is the tens digit of c?
1
Suppose 447*r - 449*r - 9 = j, 0 = j + r + 5. Let t = -1 + 0. What is the tens digit of t/((j/3)/(334/6))?
6
Let l(j) = -j**2 - 9. Let m(p) = p**2 + 13. Let v(t) = 7*l(t) + 5*m(t). Let d be v(1). Suppose d = 5*r - 38 - 632. What is the hundreds digit of r?
1
Suppose 26 = 3*g + 5*q - 36, 0 = 3*g - 4*q - 80. Let f(j) = 5*j + 106. What is the hundreds digit of f(g)?
2
Let c(r) = r**2 + 2*r + 10. Suppose -6*n - 3*p = -2*n, 0 = -3*n - p - 5. Let m be c(n). Let f = m - -6. What is the units digit of f?
9
Let y(n) = 37*n + 4. Let d be y(-4). Suppose -3*x - x + 2*z - 166 = 0, -2*x + 3*z = 85. Let q = x - d. What is the hundreds digit of q?
1
Let b(m) = m - 43. Let p be b(0). Let j = p - -43. What is the units digit of (716/10 - (-18)/(-30)) + j?
1
Let n be -1*((-4)/10 - 270/(-50)). What is the hundreds digit of 52*5/n*-22?
1
Suppose x = -4*s + 157973 - 25996, s - 4*x - 32990 = 0. What is the thousands digit of s?
2
Let z(y) = y - 5. Let j be z(8). Suppose -c + x - 25 = 6, j*c - 2*x = -89. What is the tens digit of (-519)/c + (-8)/36?
1
Let x = -15 + 19. Suppose 5*m = 4*k - 23 - 4, -x*k + 15 = -m. Suppose -k*a = 4*r - 21, -r + 6*r + 70 = 5*a. What is the tens digit of a?
1
Let s be -3 - ((-15)/(-25))/(2/70). Let q = s - -28. What is the hundreds digit of (-645)/(-3)*(q + -3)?
2
Suppose 81*z - 84*z + 4362 = 3*q, 0 = -2*z + 4*q + 2884. What is the units digit of z?
0
Let j = -2868 + 3365. What is the hundreds digit of j?
4
Let z be (6/4)/((-5)/(-310)). Let v = z + -78. What is the units digit of v?
5
Let p be (-3 - 45/12)/(12/32). Let t(f) = f**3 + 18*f**2 - 24*f + 44. What is the units digit of t(p)?
6
Let v be ((-4)/(-10))/(153/30 - 5). Suppose 8 = -4*q, -v*q = -0*f + 2*f - 364. What is the units digit of f?
6
Let h(v) = -8*v - 2. Let f be h(1). Let a(b) = -b**2 - 18*b + 13. Let g be a(f). Let z = g + 8. What is the tens digit of z?
0
Let z = 5322 + -275. Suppose -z = -17*v + 648. What is the units digit of v?
5
Let s(r) = -3*r**2 - 12*r - 19. Let b be s(-2). What is the units digit of -4 + 0 - ((-13230)/b)/(-10)?
5
Let l(x) = 23*x + 150. Let c be l(-6). Suppose -c*q + 2520 = 8*q. What is the hundreds digit of q?
1
What is the hundreds digit of (-149)/894*(2 - 141224)?
5
Let g = -33 - -44. Suppose 4*j = 2*k + 7 + g, -3*j = 3*k - 18. Suppose -2*a + a - 1 = 0, -3*s - j*a = -403. What is the units digit of s?
6
Let d = -84285 - -151705. What is the units digit of d?
0
Suppose -2*r + 50 = 3*r. Let z be (-6)/10 - 245/175. What is the units digit of 281/5 + 1 + z/r?
7
Let a be 8/(-14)*(-49)/14. Let v be 5*(-35*a)/(-2). Suppose 4*h + 3*x - v = 2*h, 2 = -2*x. What is the tens digit of h?
8
Let d(y) = y**2 - 39*y + 114. Let t be d(21). What is the units digit of -6 - 69*(t/18 - 1)?
5
Let f(p) = 15*p + 5. Let a be f(-3). Let w = -66 - a. What is the tens digit of ((-1807)/w)/(2/4)?
3
Let h = -358 - -363. Suppose 5417 = h*m - 0*n - n, -3*n = -9. What is the hundreds digit of m?
0
Let u(b) = 2557*b - 146. What is the ten thousands digit of u(12)?
3
Let g = 2708 - 1081. Suppose g = 2*q - 0*t + t, -3279 = -4*q + 3*t. What is the hundreds digit of q?
8
Let x(c) = 136*c + 510. What is the tens digit of x(18)?
5
Let x be (-22 - -3)/(-2 - (-1062)/534). Suppose 2*o + 7*m - 847 = 4*m, -5*m + x = 4*o. What is the hundreds digit of o?
4
Let s(n) = -10694*n**3 - 3*n**2 + 4. What is the thousands digit of s(-1)?
0
Suppose -97*m - 96*m + 170*m = -1084910. What is the hundreds digit of m?
1
Suppose 5*p - 12938 - 8067 = 5*v, 8398 = 2*p - v. What is the thousands digit of p?
4
Suppose -36*u - 46*u = -102*u + 868240. What is the hundreds digit of u?
4
Suppose -13*f - h = -8*f - 72, 6*f - 106 = -4*h. Suppose -7372 = -2*u + 3*k, 5*u + 2*k = u + 14728. Suppose 1018 - u = -f*d. What is the units digit of d?
5
Suppose -5*b - 15 = -5*i, 3*b = -5*i + 6*b + 15. Suppose 9 = -3*w, w - 434 = -4*x + i*w. What is the tens digit of x?
0
What is the hundreds digit of 5948 + (-14)/12*-12?
9
What is the tens digit of 2620 - ((-270)/108*(-12)/(-5) + 5)?
2
Let u(d) = d**3 + 80*d**2 + 19*d - 450. What is the tens digit of u(-78)?
3
Let l = 2198 + 8890. What is the tens digit of ((-2)/(-8)*-2)/((-18)/l)?
0
Let h(w) = -w**2 + 26*w + 119. Let p be h(24). Suppose -4*f = -o - 106 - 110, 2*o + p = 3*f. What is the units digit of f?
3
Let z be (1408/66)/(4/6). Suppose 0 = 30*s - z*s. Suppose -q + 71 = -o + 26, s = 2*q - 3*o - 93. What is the tens digit of q?
4
Let v be ((-234)/65)/((-2)/375). Let h = v + -209. What is the hundreds digit of h?
4
Let c be 4/(-30) + 342254/330. Suppose t - 343 = 4*h, -3*t + 4*h + c = -0*h. Suppose -2*w = -r + w + 63, 5*r - t = -w. What is the tens digit of r?
6
Let f = -24 - -24. Suppose -3*k + 628 = -5*w, f = -4*k + 7*w - 10*w + 847. What is the hundreds digit of k?
2
Suppose -93*i = -92*i - 70. Suppose i*t - 20179 = 53*t. What is the hundreds digit of t?
1
Let w(d) = -21*d**2 + 11*d + 23. Let m(j) = 61*j**2 - 32*j - 70. Let q(a) = 6*m(a) + 17*w(a). What is the units digit of q(-7)?
7
Suppose 5*c + 4*z = -214, 3*c - 8*z = -6*z - 124. Let j = 732 - c. What is the units digit of j?
4
Suppose 2*b = a + 7 + 1, 4*a + 5*b + 45 = 0. What is the tens digit of (-98*(-2)/a)/((-4)/10)?
4
Let o(c) = -1174*c**3 + c**2 + 8*c - 7. What is the hundreds digit of o(-2)?
3
Let q = 25575 + -15881. What is the hundreds digit of q?
6
Let j = -94 - -146. Let s = j + -66. Let t = s - -47. What is the units digit of t?
3
Let x(o) be the first derivative of -7*o**2 + 245*o + 294. What is the tens digit of x(-25)?
9
Let i be 921*4/(-12) + 0. Let y = i + 417. What is the hundreds digit of y?
1
Let m(v) = -158*v**3 + v**2 + 54*v + 137. What is the thousands digit of m(-3)?
4
Suppose 7*c - 24 = 3*c. Let z be (-27)/9*(-16)/c. Suppose z*i - 795 = 285. What is the tens digit of i?
3
Let t(o) = 743*o**2 - 8*o + 85. What is the thousands digit of t(5)?
8
Let h(q) = -47*q**3 - 3*q + 2. Let v be h(-2). Suppose m = -w - w + 392, 2*w = 3*m + v. What is the units digit of w?
5
Let z = 8732 + -5536. What is the hundreds digit of z?
1
Let t(r) be the first derivative of r**4/4 + 11*r**3/3 + 9*r**2/2 - 9*r - 34. Let a be t(-10). What is the units digit of 0/14 - a*-113?
3
Suppose 3*q + 0*s + 3*s - 3 = 0, 0 = -q - 3*s - 5. What is the tens digit of 5451/138 + (-6)/q?
3
Let d = -58780 - -93348. What is the thousands digit of d?
4
Let a(i) = -22*i - 3. Suppose -4*c = 39 + 21. Let t be 3/c - 28/10. What is the tens digit of a(t)?
6
Let c be (-7242)/54 - (24/27 - 1). Let u = 666 + c. What is the units digit of u?
2
Let j(w) = -w**3 - 47 - 2*w**3 - 19*w**2 + w**3 - 24. What is the thousands digit of j(-14)?
1
Let p(n) = -20158*n - 1359. What is the thousands digit of p(-3)?
9
Suppose 12*r - 75930 = -2*r + 113994. What is the ten thousands digit of r?
1
Let o(w) = -3*w**2 - 21*w - 3. Let a be o(-6). Suppose -a*k - 3*k + 12132 = 0. What is the units